n 567 is divided by 37.
12
What is the remainder when 4556 is divided by 147?
146
What is the remainder when 1077 is divided by 11?
10
What is the remainder when 900 is divided by 23?
3
Calculate the remainder when 3639 is divided by 14.
13
Calculate the remainder when 73 is divided by 4.
1
What is the remainder when 12514 is divided by 84?
82
Calculate the remainder when 32 is divided by 8.
0
What is the remainder when 24 is divided by 24?
0
What is the remainder when 4464 is divided by 1479?
27
What is the remainder when 158 is divided by 148?
10
Calculate the remainder when 134 is divided by 133.
1
What is the remainder when 606 is divided by 14?
4
What is the remainder when 67 is divided by 50?
17
Calculate the remainder when 88 is divided by 41.
6
Calculate the remainder when 207 is divided by 52.
51
What is the remainder when 14 is divided by 11?
3
Calculate the remainder when 363 is divided by 28.
27
What is the remainder when 42 is divided by 11?
9
What is the remainder when 1729 is divided by 431?
5
Calculate the remainder when 3 is divided by 1.
0
Calculate the remainder when 1169 is divided by 130.
129
Calculate the remainder when 1881 is divided by 17.
11
What is the remainder when 236 is divided by 80?
76
Calculate the remainder when 29869 is divided by 9.
7
What is the remainder when 609 is divided by 55?
4
What is the remainder when 96 is divided by 26?
18
What is the remainder when 392 is divided by 372?
20
What is the remainder when 23830 is divided by 36?
34
Calculate the remainder when 1120 is divided by 277.
12
Calculate the remainder when 524 is divided by 66.
62
What is the remainder when 408 is divided by 69?
63
Calculate the remainder when 457 is divided by 24.
1
Calculate the remainder when 222 is divided by 19.
13
Calculate the remainder when 3378 is divided by 141.
135
What is the remainder when 382 is divided by 68?
42
What is the remainder when 334 is divided by 84?
82
What is the remainder when 2247 is divided by 84?
63
Calculate the remainder when 406 is divided by 12.
10
Calculate the remainder when 323 is divided by 26.
11
What is the remainder when 476 is divided by 20?
16
Calculate the remainder when 191 is divided by 73.
45
What is the remainder when 93 is divided by 11?
5
Calculate the remainder when 45 is divided by 16.
13
What is the remainder when 347 is divided by 25?
22
Calculate the remainder when 129 is divided by 23.
14
Calculate the remainder when 719 is divided by 251.
217
What is the remainder when 286 is divided by 217?
69
What is the remainder when 35 is divided by 23?
12
Calculate the remainder when 543 is divided by 79.
69
What is the remainder when 222 is divided by 45?
42
What is the remainder when 1239 is divided by 399?
42
What is the remainder when 45 is divided by 33?
12
What is the remainder when 72 is divided by 26?
20
What is the remainder when 128 is divided by 5?
3
What is the remainder when 868 is divided by 210?
28
Calculate the remainder when 605 is divided by 143.
33
What is the remainder when 251 is divided by 12?
11
What is the remainder when 141 is divided by 29?
25
What is the remainder when 658 is divided by 162?
10
What is the remainder when 116 is divided by 91?
25
What is the remainder when 647 is divided by 167?
146
What is the remainder when 1577 is divided by 4?
1
What is the remainder when 794 is divided by 89?
82
What is the remainder when 799 is divided by 73?
69
Calculate the remainder when 951 is divided by 30.
21
What is the remainder when 2124 is divided by 2105?
19
Calculate the remainder when 113 is divided by 66.
47
Calculate the remainder when 393 is divided by 85.
53
What is the remainder when 6683 is divided by 1669?
7
What is the remainder when 177 is divided by 47?
36
What is the remainder when 1137 is divided by 38?
35
Calculate the remainder when 104 is divided by 46.
12
What is the remainder when 137 is divided by 69?
68
What is the remainder when 93 is divided by 23?
1
What is the remainder when 122 is divided by 62?
60
What is the remainder when 170 is divided by 55?
5
Calculate the remainder when 1139 is divided by 42.
5
Calculate the remainder when 146 is divided by 21.
20
Calculate the remainder when 740 is divided by 83.
76
Calculate the remainder when 170 is divided by 16.
10
Calculate the remainder when 5676 is divided by 23.
18
Calculate the remainder when 18342 is divided by 16.
6
What is the remainder when 397 is divided by 57?
55
Calculate the remainder when 4734 is divided by 32.
30
What is the remainder when 817 is divided by 98?
33
Calculate the remainder when 3893 is divided by 15.
8
What is the remainder when 248 is divided by 10?
8
What is the remainder when 197 is divided by 60?
17
Calculate the remainder when 635 is divided by 24.
11
What is the remainder when 135 is divided by 117?
18
Calculate the remainder when 1178 is divided by 59.
57
Calculate the remainder when 76 is divided by 7.
6
What is the remainder when 95 is divided by 50?
45
What is the remainder when 311 is divided by 79?
74
What is the remainder when 98 is divided by 29?
11
What is the remainder when 692 is divided by 63?
62
Calculate the remainder when 4959 is divided by 73.
68
Calculate the remainder when 170 is divided by 57.
56
What is the remainder when 283 is divided by 37?
24
What is the remainder when 131 is divided by 41?
8
Calculate the remainder when 101 is divided by 100.
1
Calculate the remainder when 1186 is divided by 150.
136
Calculate the remainder when 23183 is divided by 12.
11
What is the remainder when 7738 is divided by 44?
38
What is the remainder when 4256 is divided by 472?
8
What is the remainder when 295 is divided by 93?
16
What is the remainder when 1109 is divided by 101?
99
What is the remainder when 59 is divided by 1?
0
What is the remainder when 237 is divided by 16?
13
What is the remainder when 758 is divided by 8?
6
What is the remainder when 2662 is divided by 664?
6
What is the remainder when 94 is divided by 17?
9
What is the remainder when 697 is divided by 35?
32
What is the remainder when 7498 is divided by 25?
23
What is the remainder when 836 is divided by 268?
32
What is the remainder when 196 is divided by 27?
7
What is the remainder when 253 is divided by 40?
13
Calculate the remainder when 53 is divided by 27.
26
Calculate the remainder when 649 is divided by 26.
25
What is the remainder when 435 is divided by 109?
108
Calculate the remainder when 338 is divided by 55.
8
Calculate the remainder when 2164 is divided by 1080.
4
Calculate the remainder when 20 is divided by 12.
8
What is the remainder when 4672 is divided by 24?
16
What is the remainder when 7467 is divided by 414?
15
Calculate the remainder when 162 is divided by 86.
76
Calculate the remainder when 365 is divided by 62.
55
Calculate the remainder when 1239 is divided by 54.
51
Calculate the remainder when 45 is divided by 24.
21
Calculate the remainder when 4130 is divided by 51.
50
What is the remainder when 1150 is divided by 60?
10
Calculate the remainder when 3223 is divided by 129.
127
Calculate the remainder when 1979 is divided by 60.
59
What is the remainder when 530 is divided by 240?
50
What is the remainder when 195 is divided by 46?
11
Calculate the remainder when 72 is divided by 5.
2
Calculate the remainder when 112 is divided by 23.
20
Calculate the remainder when 225 is divided by 122.
103
What is the remainder when 32999 is divided by 100?
99
Calculate the remainder when 214 is divided by 13.
6
What is the remainder when 71 is divided by 29?
13
Calculate the remainder when 2839 is divided by 29.
26
What is the remainder when 3771 is divided by 11?
9
What is the remainder when 148 is divided by 136?
12
What is the remainder when 2682 is divided by 894?
0
Calculate the remainder when 71 is divided by 40.
31
Calculate the remainder when 164 is divided by 46.
26
Calculate the remainder when 5031 is divided by 148.
147
Calculate the remainder when 147 is divided by 42.
21
Calculate the remainder when 19 is divided by 15.
4
What is the remainder when 977 is divided by 20?
17
What is the remainder when 150 is divided by 73?
4
What is the remainder when 13 is divided by 8?
5
What is the remainder when 186 is divided by 7?
4
What is the 